= 0. Suppose 4*a + o = -3*y, -2*a - 2*y - 7104 + 926 = 0. Let k = a + 4428. Is k a prime number?
False
Suppose -4*i + 3*u + 3160 + 680 = 0, -4*i - 2*u + 3820 = 0. Suppose -2*l - 2*q + 0*q = -476, 4*l + 5*q = i. Is l prime?
True
Let q be ((-2)/(-5))/(-4 - 556/(-140)). Is q/(-21)*(-1 - 1691/(-2)) a prime number?
True
Suppose 2*a + 0 = 2*b - 2, 2*a + 4*b = 4. Suppose 1894 = 3*r - k, 2519 = 4*r - a*k + 5*k. Is r prime?
True
Suppose 52 = 4*g + 24. Suppose -g*a = -5*a - 894. Is a a composite number?
True
Suppose 2*r = -s - r - 49, -4*s - r - 218 = 0. Let g = -42 - s. Is g a composite number?
False
Is 14/63 - (87852/(-27) + 3) a prime number?
True
Suppose k + b = -3*b + 21, -k + 4*b + 13 = 0. Let c = k + -16. Is 387 - (c - -1)*-1 prime?
True
Suppose -4*d + 34 + 22 = 0. Let j(h) = 5 + d*h - 16 + 6. Is j(5) a composite number?
True
Let d = 941 - 99. Is d a composite number?
True
Let o be 3*(-6)/18*(1846 + 1). Is -4*(-6)/24*o/(-1) composite?
False
Suppose -7*x + 10 = -2*x. Let b(r) = r - 17. Let n be b(11). Is (-264)/(-18) - x/n prime?
False
Let n be ((-1)/1 + 2 - 447)/2. Let v = n + 482. Is v prime?
False
Suppose -9 + 5 = -2*j. Suppose -5*a - j*g = -g - 1016, a - 2*g - 201 = 0. Is a composite?
True
Let c = 65 - 111. Is (27 + -1)*(-2 - c/4) a prime number?
False
Let o(i) = -i**3 + 7*i**2 - 5*i - 4. Let q be (-46)/(-8) - (-5)/20. Let f be o(q). Suppose f*c - 290 = -3*c. Is c prime?
False
Let l be 24/4 + -4 - -824. Let m = -333 + l. Is m composite?
True
Let v = -31 - -39. Is ((-3086)/(-8))/((-1 + 3)/v) composite?
False
Let v(x) be the first derivative of -x**4/2 - 16*x**3/3 - 7*x**2/2 - 3*x - 21. Is v(-8) a composite number?
False
Suppose -4*a + a = 0. Suppose 4*w + 12 = 0, 5*t + a*w + 22 = -4*w. Let r(o) = -8*o**3 - 2*o**2 + 3*o + 3. Is r(t) a composite number?
False
Let u(p) = -p**2 + 2*p**3 + 15 - p + 0*p**2 + 3*p**2 - 3*p**3. Is u(0) prime?
False
Suppose 18773 = 2*a + 5*g, 0 = -5*a + 3*g + 34992 + 11894. Is a a composite number?
True
Let k be -1*(2 + -1) - -6. Let b be (k + 3)/2 + -1. Suppose -b*i + 77 = -4*r, 5*i - 2*r - 175 = -7*r. Is i composite?
False
Let l = -38 + 102. Let v = l + -42. Is v prime?
False
Let d = -10 + 31. Suppose 0 = -d*s + 20*s + 13. Is s composite?
False
Suppose 5*v = -3*b + 85084, -b - 4202 + 32566 = -v. Is b prime?
False
Suppose 2*t = -0*t + 50. Let g = -21 + t. Suppose -516 = -2*x + 5*r, -3*x + g*r = -7*x + 1004. Is x prime?
False
Suppose -m + 4874 = -33. Is m prime?
False
Let k be (-4)/(-10) + (-188)/20. Let f = k - -16. Suppose 5*x = f*x - 142. Is x composite?
False
Suppose 0*r = -r + 12. Let t = r + -10. Suppose 0 = 3*o + t*o - 125. Is o composite?
True
Let q = 11673 - 8240. Is q composite?
False
Let a = 92 + -90. Suppose -h + 4 - a = 0, 0 = 4*p + 5*h - 1014. Is p a composite number?
False
Let v = -71651 - -119584. Is v a prime number?
True
Let f(k) = -2*k**2 - 148 + 52*k**2 - k + 70 + 82. Is f(-5) composite?
False
Suppose 4*j + 16 = 4*u, -5*j - u = -5*u + 15. Is ((-2)/2)/(j/(-1483)) a prime number?
True
Is 123055/(-20)*(-8)/2 prime?
True
Let b(d) = 687*d**2 - 20*d + 125. Is b(6) prime?
False
Suppose -521505 = -39*t + 12*t. Is t prime?
False
Suppose -5*n - 74 = -3*u, 0*n = 4*u + 2*n - 142. Let f(m) = 2 + 2 + 6 + 6 - u*m. Is f(-13) a composite number?
True
Let x(n) = n**3 + 26*n**2 + 10*n + 35. Is x(18) a composite number?
True
Let j(s) = -6 + 116*s - 297*s + 1. Is j(-4) a prime number?
True
Suppose 8 = 3*x + 2. Suppose 0*g = x*g - 3602. Is g composite?
False
Let c(r) = 206*r**2 + 16*r + 7. Is c(-7) a prime number?
False
Let r(c) = -1. Let v(i) = 3*i**2 - 15*i + 10. Let h(k) = -5*r(k) + v(k). Is h(12) a composite number?
True
Let m = 8233 - 3628. Suppose 5*r = 4*k - 3*k - 1546, 3*k - m = 4*r. Is k prime?
True
Suppose 5*h - 6 = 4*w, -4*h = -5*w + 1 - 4. Suppose 4*i + 78 = m - 555, i = h. Is m a composite number?
False
Let b = -115 + 335. Suppose -4*w + b = -3752. Is w composite?
True
Suppose z + q + 0*q = 2, 3*q = -4*z + 9. Suppose -z*y + 17934 = 3*o, -5*y - o + 29902 = -0*y. Is y a prime number?
True
Suppose -58*x + 101752 = -2*x. Is x composite?
True
Let y(g) = -140*g + 7. Let o be y(-7). Let n = 2484 - o. Is n composite?
True
Suppose -3*n = -2*t - 37181, 19*t = -4*n + 17*t + 49556. Is n prime?
True
Suppose -18 = -4*h + 2. Let t be h - 2/(-4)*-2. Suppose 0 = t*v + 2*c - c - 648, 8 = -2*c. Is v a composite number?
False
Suppose w = -b + 597, 3*b + 657 = 3*w + 2436. Suppose 0 = 5*t - o - b - 361, 0 = -3*t + 4*o + 577. Is t a prime number?
True
Suppose -4*q + 4*w + 6191 = -3297, 2*q - 4*w = 4750. Is q a composite number?
True
Suppose 3*f - 653 - 1490 = -y, 2*f - 5*y = 1406. Is f a prime number?
False
Let y(t) = 2127*t**3 - t**2 - 13*t + 14. Is y(1) a prime number?
False
Let z = 32 - 35. Is (z + 1)*(-19)/2 a prime number?
True
Let r = 10 + -11. Is r*(0 - -1)*(-637 - 4) composite?
False
Let f(i) = 9*i**3 - 4*i**2 - 15*i + 67. Is f(6) composite?
False
Let k(h) = -2*h**2 + h - 3. Let g be k(0). Is g - (-6842)/4 - 12/8 a prime number?
False
Let i(s) = -2*s + 2*s + 10 + 6*s - s**2. Let k be i(8). Is ((-1)/4)/(k/1608) prime?
True
Suppose -3*i + 21 = -5*v, -11 = 4*i - 2*i + 5*v. Suppose 0 = -5*m - 0*l + i*l + 219, -94 = -2*m + 4*l. Is m a composite number?
False
Let i(t) = 427*t**3 + 8*t**2 - 9*t - 5. Is i(4) prime?
False
Suppose 0 = h + 3*h. Let y(d) = 0*d + h*d - 11*d - 4*d + 11. Is y(-10) a composite number?
True
Let m = 13203 - -446. Is m prime?
True
Let a be 30/(-4)*(-2)/3. Suppose 0 = -a*w - 3*q + 4708, -4*q + 1470 = 2*w - 416. Is w a prime number?
True
Let j = -96 + 88. Is (-3)/4 + (-10062)/j a prime number?
False
Let y(a) = 59*a - 16. Let m be y(6). Suppose f - 2*k = 6*f - 421, -k = 4*f - m. Is f composite?
True
Suppose -h = 5*d - 0*d - 8302, -h - 4*d + 8305 = 0. Is h a composite number?
False
Is (-10)/((-280)/21) - (-340996)/16 composite?
False
Suppose -6*j = -5*q - 8*j - 59, 2*j - 71 = 5*q. Let k = 3 + 119. Let l = k + q. Is l composite?
False
Is (20/(-8) + 3)*257494 a composite number?
False
Let k(f) = f**3 - 5*f**2 - 10*f + 6. Let j be k(8). Suppose -5*s - 25 = 0, -2*a + 2*s + j = -2*s. Is a composite?
True
Let m(n) = 17*n**2 - n + 4. Let s be 1/(1/(-3)*1). Let h be m(s). Suppose -3*o - 5*q + 619 = -h, o - 249 = q. Is o a composite number?
True
Let q = -4726 - -14693. Is q composite?
False
Let v be 4*(63 - -3)/(-1). Let b = 203 - v. Is b a prime number?
True
Let u be (-8)/(-3)*(-9)/6. Let p(o) = o + 5. Let x be p(u). Is 447 - 2/1*x a composite number?
True
Suppose 5*r - 42 = -l, -4*r - 2*l = -12 - 18. Is 6060/r - 4/12 a composite number?
False
Suppose 0 = -3*p - 5*l + 2 + 18, 5*l = 4*p + 20. Suppose p = -3*i - 237 + 9288. Is i composite?
True
Is 112153 - (175/(-30) + 1/(-6)) a composite number?
True
Suppose 0 = -4*v - 0*v + 16. Suppose -t - v*p + 4 = 0, -5*t - p = 2*p + 14. Is -106*2/t - 0 a prime number?
True
Suppose 0 = -2*b - 2*p + 994, 6*p = 3*b + p - 1507. Suppose -2*h + d + b = 0, -d - 762 = -3*h - 4*d. Is h a composite number?
False
Let k(h) = -2*h + 1. Let f be k(-1). Suppose 0 = f*z + 2*z - 195. Suppose 2*y - 39 = z. Is y a composite number?
True
Suppose 0 = -3*g - 3*x + 129780, 17*g + x = 14*g + 129782. Is g a prime number?
True
Is 10099*((5 + -5)/(-2) + 1) prime?
True
Let y(f) = f**3 - f**2 + f + 1. Let v(j) = 6*j**3 - 30*j**2 + 37*j - 29. Let h(c) = v(c) - 5*y(c). Is h(24) a prime number?
False
Let d be (-12)/(-15) - (-118)/(-10). Let a = d - -8. Is (a/(-4))/(1/76) a prime number?
False
Let j(w) = w**2 + 8*w + 2. Let u be j(-9). Let x = 227 - u. Suppose -h = -z - x, 3*h + 0*h + 3*z - 654 = 0. Is h prime?
False
Let s(n) = 4*n**3 - 7*n**2 - 5*n + 4. Let b(a) = 9*a**3 - 14*a**2 - 10*a + 9. Let p be 0*(2 + -3) + 3. Let q(j) = p*b(j) - 7*s(j). Is q(5) prime?
False
Let m(u) = 66*u**2 - 2*u + 1. Let t be (24/(-16))/((-6)/16). Suppose 4*x - 6*x - t = 0. Is m(x) composite?
False
Suppose -3*f + 0*f - 3*m + 8325 = 0, -11110 = -4*f - 2*m. Is 2 + (f - (1 + -4)) prime?
False
Is ((-6)/9)/((-10)/110145) composite?
True
Let c(b) = 22268*b - 13. Is c(1) prime?
False
Let b = -4653 + 40534. Is b a composite number?
True
Suppose -2*i + 3*z = -2*z - 27917, 0 = -2*i + 4*z + 27918. Is i composite?
True
Suppose -528002 - 294171 = -41*t. Is t a prime number?
False
Let f be 0 + 28/(-10) - (-16)/20. Is (-3 - f)*-290 - -1 a composite